{"id":5738,"date":"2025-03-31T09:17:58","date_gmt":"2025-03-31T09:17:58","guid":{"rendered":"https:\/\/www.barbierispa.com\/prodotto\/6-punkt-krampen\/"},"modified":"2026-04-17T22:02:31","modified_gmt":"2026-04-17T22:02:31","slug":"6-punkt-krampen","status":"publish","type":"prodotto","link":"https:\/\/www.barbierispa.com\/de\/prodotto\/6-punkt-krampen\/","title":{"rendered":"6-PUNKT-KRAMPEN"},"content":{"rendered":"\n<p>Die <strong>6-Punkt-Krampen<\/strong> stellen eine <strong>praktische und effektive L\u00f6sung f\u00fcr Kalt-L\u00e4ngsreparaturen<\/strong> von F\u00f6rdergurten dar, insbesondere in industriellen Kontexten, in denen die Reduzierung von Stillstandzeiten und die Eind\u00e4mmung von Wartungskosten entscheidend sind. Hergestellt aus <strong>Edelstahl<\/strong>, bieten sie eine <strong>\u00fcberlegene Korrosionsbest\u00e4ndigkeit<\/strong> und garantieren eine <strong>hohe Langlebigkeit<\/strong>, selbst in feuchten oder besonders aggressiven Umgebungen. <\/p>\n\n<p>Diese Krampen sind f\u00fcr die <strong>Kaltanwendung<\/strong> konzipiert, ohne dass Erhitzen oder komplexe Ausr\u00fcstung erforderlich sind, was <strong>schnelle, einfache und sichere Reparaturen<\/strong> erm\u00f6glicht. Sie eignen sich besonders zur Behebung von Problemen im Zusammenhang mit <strong>L\u00e4ngssch\u00e4den am Gurt<\/strong>, wie Schnitten oder Abrieb, die die Effizienz der Anlage beeintr\u00e4chtigen k\u00f6nnen. Die <strong>Vielseitigkeit in der Anwendung<\/strong> ist eine weitere St\u00e4rke: Die Krampen sind in <strong>verschiedenen Gr\u00f6\u00dfen<\/strong> erh\u00e4ltlich, verpackt in Schachteln zu <strong>100 St\u00fcck<\/strong>, um sich an verschiedene Gurtst\u00e4rken und -typen anzupassen.  <\/p>\n\n<p>Dank ihrer <strong>einfachen Anwendung und hohen Widerstandsf\u00e4higkeit<\/strong> erweisen sich die 6-Punkt-Krampen als <strong>optimale Wahl f\u00fcr schnelle Wartungseingriffe<\/strong> und garantieren <strong>langfristige Zuverl\u00e4ssigkeit sowie Kosteneinsparungen<\/strong>.<\/p>\n\n<p><\/p>\n","protected":false},"excerpt":{"rendered":"<p>Die 6-Punkt-Krampen aus Edelstahl sind ideal f\u00fcr Kalt-L\u00e4ngsreparaturen von F\u00f6rdergurten. Sie sind korrosionsbest\u00e4ndig, einfach anzuwenden und erfordern weder Erhitzen noch Spezialwerkzeuge. In verschiedenen Gr\u00f6\u00dfen erh\u00e4ltlich, gew\u00e4hrleisten sie schnelle, sichere und dauerhafte Eins\u00e4tze auch in anspruchsvollen Umgebungen.  <\/p>\n","protected":false},"featured_media":5739,"template":"","meta":{"_acf_changed":false,"footnotes":""},"categoria-prodotto":[82],"class_list":["post-5738","prodotto","type-prodotto","status-publish","has-post-thumbnail","hentry","categoria-prodotto-zubehor"],"acf":[],"yoast_head":"<!-- This site is optimized with the Yoast SEO plugin v27.2 - https:\/\/yoast.com\/product\/yoast-seo-wordpress\/ -->\n<title>6-PUNKT-KRAMPEN - Barbieri Spa<\/title>\n<meta name=\"robots\" content=\"index, follow, max-snippet:-1, max-image-preview:large, max-video-preview:-1\" \/>\n<link rel=\"canonical\" href=\"https:\/\/www.barbierispa.com\/de\/prodotto\/6-punkt-krampen\/\" \/>\n<meta property=\"og:locale\" content=\"de_DE\" \/>\n<meta property=\"og:type\" content=\"article\" \/>\n<meta property=\"og:title\" content=\"6-PUNKT-KRAMPEN - Barbieri Spa\" \/>\n<meta property=\"og:description\" content=\"Die 6-Punkt-Krampen aus Edelstahl sind ideal f\u00fcr Kalt-L\u00e4ngsreparaturen von F\u00f6rdergurten. Sie sind korrosionsbest\u00e4ndig, einfach anzuwenden und erfordern weder Erhitzen noch Spezialwerkzeuge. In verschiedenen Gr\u00f6\u00dfen erh\u00e4ltlich, gew\u00e4hrleisten sie schnelle, sichere und dauerhafte Eins\u00e4tze auch in anspruchsvollen Umgebungen.\" \/>\n<meta property=\"og:url\" content=\"https:\/\/www.barbierispa.com\/de\/prodotto\/6-punkt-krampen\/\" \/>\n<meta property=\"og:site_name\" content=\"Barbieri Spa\" \/>\n<meta property=\"article:modified_time\" content=\"2026-04-17T22:02:31+00:00\" \/>\n<meta property=\"og:image\" content=\"https:\/\/www.barbierispa.com\/wp-content\/uploads\/2025\/03\/Graffe-Barbieri.jpg\" \/>\n\t<meta property=\"og:image:width\" content=\"1200\" \/>\n\t<meta property=\"og:image:height\" content=\"800\" \/>\n\t<meta property=\"og:image:type\" content=\"image\/jpeg\" \/>\n<meta name=\"twitter:card\" content=\"summary_large_image\" \/>\n<meta name=\"twitter:label1\" content=\"Gesch\u00e4tzte Lesezeit\" \/>\n\t<meta name=\"twitter:data1\" content=\"1\u00a0Minute\" \/>\n<script type=\"application\/ld+json\" class=\"yoast-schema-graph\">{\"@context\":\"https:\/\/schema.org\",\"@graph\":[{\"@type\":\"WebPage\",\"@id\":\"https:\/\/www.barbierispa.com\/de\/prodotto\/6-punkt-krampen\/\",\"url\":\"https:\/\/www.barbierispa.com\/de\/prodotto\/6-punkt-krampen\/\",\"name\":\"6-PUNKT-KRAMPEN - Barbieri Spa\",\"isPartOf\":{\"@id\":\"https:\/\/www.barbierispa.com\/de\/#website\"},\"primaryImageOfPage\":{\"@id\":\"https:\/\/www.barbierispa.com\/de\/prodotto\/6-punkt-krampen\/#primaryimage\"},\"image\":{\"@id\":\"https:\/\/www.barbierispa.com\/de\/prodotto\/6-punkt-krampen\/#primaryimage\"},\"thumbnailUrl\":\"https:\/\/www.barbierispa.com\/wp-content\/uploads\/2025\/03\/Graffe-Barbieri.jpg\",\"datePublished\":\"2025-03-31T09:17:58+00:00\",\"dateModified\":\"2026-04-17T22:02:31+00:00\",\"breadcrumb\":{\"@id\":\"https:\/\/www.barbierispa.com\/de\/prodotto\/6-punkt-krampen\/#breadcrumb\"},\"inLanguage\":\"de\",\"potentialAction\":[{\"@type\":\"ReadAction\",\"target\":[\"https:\/\/www.barbierispa.com\/de\/prodotto\/6-punkt-krampen\/\"]}]},{\"@type\":\"ImageObject\",\"inLanguage\":\"de\",\"@id\":\"https:\/\/www.barbierispa.com\/de\/prodotto\/6-punkt-krampen\/#primaryimage\",\"url\":\"https:\/\/www.barbierispa.com\/wp-content\/uploads\/2025\/03\/Graffe-Barbieri.jpg\",\"contentUrl\":\"https:\/\/www.barbierispa.com\/wp-content\/uploads\/2025\/03\/Graffe-Barbieri.jpg\",\"width\":1200,\"height\":800},{\"@type\":\"BreadcrumbList\",\"@id\":\"https:\/\/www.barbierispa.com\/de\/prodotto\/6-punkt-krampen\/#breadcrumb\",\"itemListElement\":[{\"@type\":\"ListItem\",\"position\":1,\"name\":\"Home\",\"item\":\"https:\/\/www.barbierispa.com\/de\/home\/\"},{\"@type\":\"ListItem\",\"position\":2,\"name\":\"Prodotti\",\"item\":\"https:\/\/www.barbierispa.com\/de\/prodotto\/\"},{\"@type\":\"ListItem\",\"position\":3,\"name\":\"6-PUNKT-KRAMPEN\"}]},{\"@type\":\"WebSite\",\"@id\":\"https:\/\/www.barbierispa.com\/de\/#website\",\"url\":\"https:\/\/www.barbierispa.com\/de\/\",\"name\":\"Barbieri Spa\",\"description\":\"\",\"publisher\":{\"@id\":\"https:\/\/www.barbierispa.com\/de\/#organization\"},\"potentialAction\":[{\"@type\":\"SearchAction\",\"target\":{\"@type\":\"EntryPoint\",\"urlTemplate\":\"https:\/\/www.barbierispa.com\/de\/?s={search_term_string}\"},\"query-input\":{\"@type\":\"PropertyValueSpecification\",\"valueRequired\":true,\"valueName\":\"search_term_string\"}}],\"inLanguage\":\"de\"},{\"@type\":\"Organization\",\"@id\":\"https:\/\/www.barbierispa.com\/de\/#organization\",\"name\":\"Barbieri Spa\",\"url\":\"https:\/\/www.barbierispa.com\/de\/\",\"logo\":{\"@type\":\"ImageObject\",\"inLanguage\":\"de\",\"@id\":\"https:\/\/www.barbierispa.com\/de\/#\/schema\/logo\/image\/\",\"url\":\"https:\/\/www.barbierispa.com\/wp-content\/uploads\/2025\/01\/barbieri-logo-2x.png\",\"contentUrl\":\"https:\/\/www.barbierispa.com\/wp-content\/uploads\/2025\/01\/barbieri-logo-2x.png\",\"width\":291,\"height\":188,\"caption\":\"Barbieri Spa\"},\"image\":{\"@id\":\"https:\/\/www.barbierispa.com\/de\/#\/schema\/logo\/image\/\"}}]}<\/script>\n<!-- \/ Yoast SEO plugin. -->","yoast_head_json":{"title":"6-PUNKT-KRAMPEN - Barbieri Spa","robots":{"index":"index","follow":"follow","max-snippet":"max-snippet:-1","max-image-preview":"max-image-preview:large","max-video-preview":"max-video-preview:-1"},"canonical":"https:\/\/www.barbierispa.com\/de\/prodotto\/6-punkt-krampen\/","og_locale":"de_DE","og_type":"article","og_title":"6-PUNKT-KRAMPEN - Barbieri Spa","og_description":"Die 6-Punkt-Krampen aus Edelstahl sind ideal f\u00fcr Kalt-L\u00e4ngsreparaturen von F\u00f6rdergurten. Sie sind korrosionsbest\u00e4ndig, einfach anzuwenden und erfordern weder Erhitzen noch Spezialwerkzeuge. In verschiedenen Gr\u00f6\u00dfen erh\u00e4ltlich, gew\u00e4hrleisten sie schnelle, sichere und dauerhafte Eins\u00e4tze auch in anspruchsvollen Umgebungen.","og_url":"https:\/\/www.barbierispa.com\/de\/prodotto\/6-punkt-krampen\/","og_site_name":"Barbieri Spa","article_modified_time":"2026-04-17T22:02:31+00:00","og_image":[{"width":1200,"height":800,"url":"https:\/\/www.barbierispa.com\/wp-content\/uploads\/2025\/03\/Graffe-Barbieri.jpg","type":"image\/jpeg"}],"twitter_card":"summary_large_image","twitter_misc":{"Gesch\u00e4tzte Lesezeit":"1\u00a0Minute"},"schema":{"@context":"https:\/\/schema.org","@graph":[{"@type":"WebPage","@id":"https:\/\/www.barbierispa.com\/de\/prodotto\/6-punkt-krampen\/","url":"https:\/\/www.barbierispa.com\/de\/prodotto\/6-punkt-krampen\/","name":"6-PUNKT-KRAMPEN - Barbieri Spa","isPartOf":{"@id":"https:\/\/www.barbierispa.com\/de\/#website"},"primaryImageOfPage":{"@id":"https:\/\/www.barbierispa.com\/de\/prodotto\/6-punkt-krampen\/#primaryimage"},"image":{"@id":"https:\/\/www.barbierispa.com\/de\/prodotto\/6-punkt-krampen\/#primaryimage"},"thumbnailUrl":"https:\/\/www.barbierispa.com\/wp-content\/uploads\/2025\/03\/Graffe-Barbieri.jpg","datePublished":"2025-03-31T09:17:58+00:00","dateModified":"2026-04-17T22:02:31+00:00","breadcrumb":{"@id":"https:\/\/www.barbierispa.com\/de\/prodotto\/6-punkt-krampen\/#breadcrumb"},"inLanguage":"de","potentialAction":[{"@type":"ReadAction","target":["https:\/\/www.barbierispa.com\/de\/prodotto\/6-punkt-krampen\/"]}]},{"@type":"ImageObject","inLanguage":"de","@id":"https:\/\/www.barbierispa.com\/de\/prodotto\/6-punkt-krampen\/#primaryimage","url":"https:\/\/www.barbierispa.com\/wp-content\/uploads\/2025\/03\/Graffe-Barbieri.jpg","contentUrl":"https:\/\/www.barbierispa.com\/wp-content\/uploads\/2025\/03\/Graffe-Barbieri.jpg","width":1200,"height":800},{"@type":"BreadcrumbList","@id":"https:\/\/www.barbierispa.com\/de\/prodotto\/6-punkt-krampen\/#breadcrumb","itemListElement":[{"@type":"ListItem","position":1,"name":"Home","item":"https:\/\/www.barbierispa.com\/de\/home\/"},{"@type":"ListItem","position":2,"name":"Prodotti","item":"https:\/\/www.barbierispa.com\/de\/prodotto\/"},{"@type":"ListItem","position":3,"name":"6-PUNKT-KRAMPEN"}]},{"@type":"WebSite","@id":"https:\/\/www.barbierispa.com\/de\/#website","url":"https:\/\/www.barbierispa.com\/de\/","name":"Barbieri Spa","description":"","publisher":{"@id":"https:\/\/www.barbierispa.com\/de\/#organization"},"potentialAction":[{"@type":"SearchAction","target":{"@type":"EntryPoint","urlTemplate":"https:\/\/www.barbierispa.com\/de\/?s={search_term_string}"},"query-input":{"@type":"PropertyValueSpecification","valueRequired":true,"valueName":"search_term_string"}}],"inLanguage":"de"},{"@type":"Organization","@id":"https:\/\/www.barbierispa.com\/de\/#organization","name":"Barbieri Spa","url":"https:\/\/www.barbierispa.com\/de\/","logo":{"@type":"ImageObject","inLanguage":"de","@id":"https:\/\/www.barbierispa.com\/de\/#\/schema\/logo\/image\/","url":"https:\/\/www.barbierispa.com\/wp-content\/uploads\/2025\/01\/barbieri-logo-2x.png","contentUrl":"https:\/\/www.barbierispa.com\/wp-content\/uploads\/2025\/01\/barbieri-logo-2x.png","width":291,"height":188,"caption":"Barbieri Spa"},"image":{"@id":"https:\/\/www.barbierispa.com\/de\/#\/schema\/logo\/image\/"}}]}},"_links":{"self":[{"href":"https:\/\/www.barbierispa.com\/de\/wp-json\/wp\/v2\/prodotto\/5738","targetHints":{"allow":["GET"]}}],"collection":[{"href":"https:\/\/www.barbierispa.com\/de\/wp-json\/wp\/v2\/prodotto"}],"about":[{"href":"https:\/\/www.barbierispa.com\/de\/wp-json\/wp\/v2\/types\/prodotto"}],"version-history":[{"count":1,"href":"https:\/\/www.barbierispa.com\/de\/wp-json\/wp\/v2\/prodotto\/5738\/revisions"}],"predecessor-version":[{"id":5740,"href":"https:\/\/www.barbierispa.com\/de\/wp-json\/wp\/v2\/prodotto\/5738\/revisions\/5740"}],"wp:featuredmedia":[{"embeddable":true,"href":"https:\/\/www.barbierispa.com\/de\/wp-json\/wp\/v2\/media\/5739"}],"wp:attachment":[{"href":"https:\/\/www.barbierispa.com\/de\/wp-json\/wp\/v2\/media?parent=5738"}],"wp:term":[{"taxonomy":"categoria-prodotto","embeddable":true,"href":"https:\/\/www.barbierispa.com\/de\/wp-json\/wp\/v2\/categoria-prodotto?post=5738"}],"curies":[{"name":"wp","href":"https:\/\/api.w.org\/{rel}","templated":true}]}}

<p>Die <strong>6-Punkt-Krampen</strong> stellen eine <strong>praktische und effektive Lösung für Kalt-Längsreparaturen</strong> von Fördergurten dar, insbesondere in industriellen Kontexten, in denen die Reduzierung von Stillstandzeiten und die Eindämmung von Wartungskosten entscheidend sind. Hergestellt aus <strong>Edelstahl</strong>, bieten sie eine <strong>überlegene Korrosionsbeständigkeit</strong> und garantieren eine <strong>hohe Langlebigkeit</strong>, selbst in feuchten oder besonders aggressiven Umgebungen. </p>

<p>Diese Krampen sind für die <strong>Kaltanwendung</strong> konzipiert, ohne dass Erhitzen oder komplexe Ausrüstung erforderlich sind, was <strong>schnelle, einfache und sichere Reparaturen</strong> ermöglicht. Sie eignen sich besonders zur Behebung von Problemen im Zusammenhang mit <strong>Längsschäden am Gurt</strong>, wie Schnitten oder Abrieb, die die Effizienz der Anlage beeinträchtigen können. Die <strong>Vielseitigkeit in der Anwendung</strong> ist eine weitere Stärke: Die Krampen sind in <strong>verschiedenen Größen</strong> erhältlich, verpackt in Schachteln zu <strong>100 Stück</strong>, um sich an verschiedene Gurtstärken und -typen anzupassen.  </p>

<p>Dank ihrer <strong>einfachen Anwendung und hohen Widerstandsfähigkeit</strong> erweisen sich die 6-Punkt-Krampen als <strong>optimale Wahl für schnelle Wartungseingriffe</strong> und garantieren <strong>langfristige Zuverlässigkeit sowie Kosteneinsparungen</strong>.</p>

<p></p>

<p>Die 6-Punkt-Krampen aus Edelstahl sind ideal für Kalt-Längsreparaturen von Fördergurten. Sie sind korrosionsbeständig, einfach anzuwenden und erfordern weder Erhitzen noch Spezialwerkzeuge. In verschiedenen Größen erhältlich, gewährleisten sie schnelle, sichere und dauerhafte Einsätze auch in anspruchsvollen Umgebungen.  </p>

<!-- This site is optimized with the Yoast SEO plugin v27.2 - https://yoast.com/product/yoast-seo-wordpress/ -->
<title>6-PUNKT-KRAMPEN - Barbieri Spa</title>
<meta name="robots" content="index, follow, max-snippet:-1, max-image-preview:large, max-video-preview:-1" />
<link rel="canonical" href="https://www.barbierispa.com/de/prodotto/6-punkt-krampen/" />
<meta property="og:locale" content="de_DE" />
<meta property="og:type" content="article" />
<meta property="og:title" content="6-PUNKT-KRAMPEN - Barbieri Spa" />
<meta property="og:description" content="Die 6-Punkt-Krampen aus Edelstahl sind ideal für Kalt-Längsreparaturen von Fördergurten. Sie sind korrosionsbeständig, einfach anzuwenden und erfordern weder Erhitzen noch Spezialwerkzeuge. In verschiedenen Größen erhältlich, gewährleisten sie schnelle, sichere und dauerhafte Einsätze auch in anspruchsvollen Umgebungen." />
<meta property="og:url" content="https://www.barbierispa.com/de/prodotto/6-punkt-krampen/" />
<meta property="og:site_name" content="Barbieri Spa" />
<meta property="article:modified_time" content="2026-04-17T22:02:31+00:00" />
<meta property="og:image" content="https://www.barbierispa.com/wp-content/uploads/2025/03/Graffe-Barbieri.jpg" />
	<meta property="og:image:width" content="1200" />
	<meta property="og:image:height" content="800" />
	<meta property="og:image:type" content="image/jpeg" />
<meta name="twitter:card" content="summary_large_image" />
<meta name="twitter:label1" content="Geschätzte Lesezeit" />
	<meta name="twitter:data1" content="1 Minute" />
<script type="application/ld+json" class="yoast-schema-graph">{"@context":"https://schema.org","@graph":[{"@type":"WebPage","@id":"https://www.barbierispa.com/de/prodotto/6-punkt-krampen/","url":"https://www.barbierispa.com/de/prodotto/6-punkt-krampen/","name":"6-PUNKT-KRAMPEN - Barbieri Spa","isPartOf":{"@id":"https://www.barbierispa.com/de/#website"},"primaryImageOfPage":{"@id":"https://www.barbierispa.com/de/prodotto/6-punkt-krampen/#primaryimage"},"image":{"@id":"https://www.barbierispa.com/de/prodotto/6-punkt-krampen/#primaryimage"},"thumbnailUrl":"https://www.barbierispa.com/wp-content/uploads/2025/03/Graffe-Barbieri.jpg","datePublished":"2025-03-31T09:17:58+00:00","dateModified":"2026-04-17T22:02:31+00:00","breadcrumb":{"@id":"https://www.barbierispa.com/de/prodotto/6-punkt-krampen/#breadcrumb"},"inLanguage":"de","potentialAction":[{"@type":"ReadAction","target":["https://www.barbierispa.com/de/prodotto/6-punkt-krampen/"]}]},{"@type":"ImageObject","inLanguage":"de","@id":"https://www.barbierispa.com/de/prodotto/6-punkt-krampen/#primaryimage","url":"https://www.barbierispa.com/wp-content/uploads/2025/03/Graffe-Barbieri.jpg","contentUrl":"https://www.barbierispa.com/wp-content/uploads/2025/03/Graffe-Barbieri.jpg","width":1200,"height":800},{"@type":"BreadcrumbList","@id":"https://www.barbierispa.com/de/prodotto/6-punkt-krampen/#breadcrumb","itemListElement":[{"@type":"ListItem","position":1,"name":"Home","item":"https://www.barbierispa.com/de/home/"},{"@type":"ListItem","position":2,"name":"Prodotti","item":"https://www.barbierispa.com/de/prodotto/"},{"@type":"ListItem","position":3,"name":"6-PUNKT-KRAMPEN"}]},{"@type":"WebSite","@id":"https://www.barbierispa.com/de/#website","url":"https://www.barbierispa.com/de/","name":"Barbieri Spa","description":"","publisher":{"@id":"https://www.barbierispa.com/de/#organization"},"potentialAction":[{"@type":"SearchAction","target":{"@type":"EntryPoint","urlTemplate":"https://www.barbierispa.com/de/?s={search_term_string}"},"query-input":{"@type":"PropertyValueSpecification","valueRequired":true,"valueName":"search_term_string"}}],"inLanguage":"de"},{"@type":"Organization","@id":"https://www.barbierispa.com/de/#organization","name":"Barbieri Spa","url":"https://www.barbierispa.com/de/","logo":{"@type":"ImageObject","inLanguage":"de","@id":"https://www.barbierispa.com/de/#/schema/logo/image/","url":"https://www.barbierispa.com/wp-content/uploads/2025/01/barbieri-logo-2x.png","contentUrl":"https://www.barbierispa.com/wp-content/uploads/2025/01/barbieri-logo-2x.png","width":291,"height":188,"caption":"Barbieri Spa"},"image":{"@id":"https://www.barbierispa.com/de/#/schema/logo/image/"}}]}</script>
<!-- / Yoast SEO plugin. -->

Die 6-Punkt-Krampen aus Edelstahl sind ideal für Kalt-Längsreparaturen von Fördergurten. Sie sind korrosionsbeständig, einfach anzuwenden und erfordern weder Erhitzen noch Spezialwerkzeuge. In verschiedenen Größen erhältlich, gewährleisten sie schnelle, sichere und dauerhafte Einsätze auch in anspruchsvollen Umgebungen.
