{"id":5998,"date":"2025-03-31T09:17:58","date_gmt":"2025-03-31T09:17:58","guid":{"rendered":"https:\/\/www.barbierispa.com\/prodotto\/reparaturflicken\/"},"modified":"2026-04-17T22:10:03","modified_gmt":"2026-04-17T22:10:03","slug":"reparaturflicken","status":"publish","type":"prodotto","link":"https:\/\/www.barbierispa.com\/de\/prodotto\/reparaturflicken\/","title":{"rendered":"REPARATURFLICKEN"},"content":{"rendered":"\n<p>Bei <strong>Schnitten, Durchbr\u00fcchen oder Besch\u00e4digungen der Abdeckungen von F\u00f6rderb\u00e4ndern<\/strong> kann schnell und zuverl\u00e4ssig mit <strong>Reparaturflicken<\/strong> eingegriffen werden, die je nach zu behandelndem Bandtyp \u2013 ob <strong>textil oder metallisch<\/strong> \u2013 in <strong>gewebeverst\u00e4rkter und nicht gewebeverst\u00e4rkter Ausf\u00fchrung<\/strong> erh\u00e4ltlich sind. Diese Flicken sind so konzipiert, dass sie <strong>eine hohe Haftung<\/strong> bieten und eine <strong>effektive und dauerhafte Reparatur<\/strong> gew\u00e4hrleisten, wodurch die Stillstandszeiten der Anlage minimiert werden. <\/p>\n\n<p>Die Anwendung ist <strong>einfach und schnell<\/strong>, dank der <strong>speziell entwickelten Unterschicht<\/strong>, die die Haftung ohne komplexe Vorg\u00e4nge erleichtert. In Kombination mit dem <strong>TETAKO\u00ae-Kaltklebstoff<\/strong>, gemischt mit H\u00e4rter, haften die Flicken fest an der Bandoberfl\u00e4che und gew\u00e4hrleisten eine <strong>widerstandsf\u00e4hige und sichere Reparatur<\/strong>. Dieses System erm\u00f6glicht <strong>schnelle Eingriffe<\/strong> und erlaubt es dem F\u00f6rderband, in sehr kurzer Zeit wieder betriebsbereit zu sein, ohne die Funktionalit\u00e4t zu beeintr\u00e4chtigen.  <\/p>\n\n<p>Da es sich zudem um ein <strong>Kaltsystem<\/strong> handelt, ist weder eine W\u00e4rmequelle noch der Einsatz von <strong>Spezialausr\u00fcstung oder hochqualifiziertem Personal<\/strong> erforderlich, wodurch der Eingriff <strong>wirtschaftlicher, praktischer und zug\u00e4nglicher<\/strong> wird. Die <strong>langfristige Haltbarkeit<\/strong> der Reparatur reduziert die Notwendigkeit weiterer Eingriffe und gew\u00e4hrleistet <strong>Betriebskontinuit\u00e4t und Einsparungen bei den Wartungskosten<\/strong>. <\/p>\n\n<p><\/p>\n","protected":false},"excerpt":{"rendered":"<p>Die gewebeverst\u00e4rkten und nicht gewebeverst\u00e4rkten Flicken erm\u00f6glichen in Kombination mit dem TETAKO\u00ae-Kaltklebstoff schnelle, effektive und dauerhafte Reparaturen besch\u00e4digter F\u00f6rderb\u00e4nder. Sie sind einfach anzubringen und erfordern weder W\u00e4rme noch komplexe Ausr\u00fcstung, wodurch Stillstandszeiten und Eingriffskosten reduziert werden und eine sofortige R\u00fcckkehr zur vollen Betriebsbereitschaft gew\u00e4hrleistet wird. <\/p>\n","protected":false},"featured_media":5999,"template":"","meta":{"_acf_changed":false,"footnotes":""},"categoria-prodotto":[82],"class_list":["post-5998","prodotto","type-prodotto","status-publish","has-post-thumbnail","hentry","categoria-prodotto-zubehor"],"acf":[],"yoast_head":"<!-- This site is optimized with the Yoast SEO plugin v27.2 - https:\/\/yoast.com\/product\/yoast-seo-wordpress\/ -->\n<title>REPARATURFLICKEN - Barbieri Spa<\/title>\n<meta name=\"robots\" content=\"index, follow, max-snippet:-1, max-image-preview:large, max-video-preview:-1\" \/>\n<link rel=\"canonical\" href=\"https:\/\/www.barbierispa.com\/de\/prodotto\/reparaturflicken\/\" \/>\n<meta property=\"og:locale\" content=\"de_DE\" \/>\n<meta property=\"og:type\" content=\"article\" \/>\n<meta property=\"og:title\" content=\"REPARATURFLICKEN - Barbieri Spa\" \/>\n<meta property=\"og:description\" content=\"Die gewebeverst\u00e4rkten und nicht gewebeverst\u00e4rkten Flicken erm\u00f6glichen in Kombination mit dem TETAKO\u00ae-Kaltklebstoff schnelle, effektive und dauerhafte Reparaturen besch\u00e4digter F\u00f6rderb\u00e4nder. Sie sind einfach anzubringen und erfordern weder W\u00e4rme noch komplexe Ausr\u00fcstung, wodurch Stillstandszeiten und Eingriffskosten reduziert werden und eine sofortige R\u00fcckkehr zur vollen Betriebsbereitschaft gew\u00e4hrleistet wird.\" \/>\n<meta property=\"og:url\" content=\"https:\/\/www.barbierispa.com\/de\/prodotto\/reparaturflicken\/\" \/>\n<meta property=\"og:site_name\" content=\"Barbieri Spa\" \/>\n<meta property=\"article:modified_time\" content=\"2026-04-17T22:10:03+00:00\" \/>\n<meta property=\"og:image\" content=\"https:\/\/www.barbierispa.com\/wp-content\/uploads\/2025\/03\/Pezze-di-riparazione-Barbieri.jpg\" \/>\n\t<meta property=\"og:image:width\" content=\"1200\" \/>\n\t<meta property=\"og:image:height\" content=\"800\" \/>\n\t<meta property=\"og:image:type\" content=\"image\/jpeg\" \/>\n<meta name=\"twitter:card\" content=\"summary_large_image\" \/>\n<meta name=\"twitter:label1\" content=\"Gesch\u00e4tzte Lesezeit\" \/>\n\t<meta name=\"twitter:data1\" content=\"1\u00a0Minute\" \/>\n<script type=\"application\/ld+json\" class=\"yoast-schema-graph\">{\"@context\":\"https:\/\/schema.org\",\"@graph\":[{\"@type\":\"WebPage\",\"@id\":\"https:\/\/www.barbierispa.com\/de\/prodotto\/reparaturflicken\/\",\"url\":\"https:\/\/www.barbierispa.com\/de\/prodotto\/reparaturflicken\/\",\"name\":\"REPARATURFLICKEN - Barbieri Spa\",\"isPartOf\":{\"@id\":\"https:\/\/www.barbierispa.com\/de\/#website\"},\"primaryImageOfPage\":{\"@id\":\"https:\/\/www.barbierispa.com\/de\/prodotto\/reparaturflicken\/#primaryimage\"},\"image\":{\"@id\":\"https:\/\/www.barbierispa.com\/de\/prodotto\/reparaturflicken\/#primaryimage\"},\"thumbnailUrl\":\"https:\/\/www.barbierispa.com\/wp-content\/uploads\/2025\/03\/Pezze-di-riparazione-Barbieri.jpg\",\"datePublished\":\"2025-03-31T09:17:58+00:00\",\"dateModified\":\"2026-04-17T22:10:03+00:00\",\"breadcrumb\":{\"@id\":\"https:\/\/www.barbierispa.com\/de\/prodotto\/reparaturflicken\/#breadcrumb\"},\"inLanguage\":\"de\",\"potentialAction\":[{\"@type\":\"ReadAction\",\"target\":[\"https:\/\/www.barbierispa.com\/de\/prodotto\/reparaturflicken\/\"]}]},{\"@type\":\"ImageObject\",\"inLanguage\":\"de\",\"@id\":\"https:\/\/www.barbierispa.com\/de\/prodotto\/reparaturflicken\/#primaryimage\",\"url\":\"https:\/\/www.barbierispa.com\/wp-content\/uploads\/2025\/03\/Pezze-di-riparazione-Barbieri.jpg\",\"contentUrl\":\"https:\/\/www.barbierispa.com\/wp-content\/uploads\/2025\/03\/Pezze-di-riparazione-Barbieri.jpg\",\"width\":1200,\"height\":800},{\"@type\":\"BreadcrumbList\",\"@id\":\"https:\/\/www.barbierispa.com\/de\/prodotto\/reparaturflicken\/#breadcrumb\",\"itemListElement\":[{\"@type\":\"ListItem\",\"position\":1,\"name\":\"Home\",\"item\":\"https:\/\/www.barbierispa.com\/de\/home\/\"},{\"@type\":\"ListItem\",\"position\":2,\"name\":\"Prodotti\",\"item\":\"https:\/\/www.barbierispa.com\/de\/prodotto\/\"},{\"@type\":\"ListItem\",\"position\":3,\"name\":\"REPARATURFLICKEN\"}]},{\"@type\":\"WebSite\",\"@id\":\"https:\/\/www.barbierispa.com\/de\/#website\",\"url\":\"https:\/\/www.barbierispa.com\/de\/\",\"name\":\"Barbieri Spa\",\"description\":\"\",\"publisher\":{\"@id\":\"https:\/\/www.barbierispa.com\/de\/#organization\"},\"potentialAction\":[{\"@type\":\"SearchAction\",\"target\":{\"@type\":\"EntryPoint\",\"urlTemplate\":\"https:\/\/www.barbierispa.com\/de\/?s={search_term_string}\"},\"query-input\":{\"@type\":\"PropertyValueSpecification\",\"valueRequired\":true,\"valueName\":\"search_term_string\"}}],\"inLanguage\":\"de\"},{\"@type\":\"Organization\",\"@id\":\"https:\/\/www.barbierispa.com\/de\/#organization\",\"name\":\"Barbieri Spa\",\"url\":\"https:\/\/www.barbierispa.com\/de\/\",\"logo\":{\"@type\":\"ImageObject\",\"inLanguage\":\"de\",\"@id\":\"https:\/\/www.barbierispa.com\/de\/#\/schema\/logo\/image\/\",\"url\":\"https:\/\/www.barbierispa.com\/wp-content\/uploads\/2025\/01\/barbieri-logo-2x.png\",\"contentUrl\":\"https:\/\/www.barbierispa.com\/wp-content\/uploads\/2025\/01\/barbieri-logo-2x.png\",\"width\":291,\"height\":188,\"caption\":\"Barbieri Spa\"},\"image\":{\"@id\":\"https:\/\/www.barbierispa.com\/de\/#\/schema\/logo\/image\/\"}}]}<\/script>\n<!-- \/ Yoast SEO plugin. -->","yoast_head_json":{"title":"REPARATURFLICKEN - Barbieri Spa","robots":{"index":"index","follow":"follow","max-snippet":"max-snippet:-1","max-image-preview":"max-image-preview:large","max-video-preview":"max-video-preview:-1"},"canonical":"https:\/\/www.barbierispa.com\/de\/prodotto\/reparaturflicken\/","og_locale":"de_DE","og_type":"article","og_title":"REPARATURFLICKEN - Barbieri Spa","og_description":"Die gewebeverst\u00e4rkten und nicht gewebeverst\u00e4rkten Flicken erm\u00f6glichen in Kombination mit dem TETAKO\u00ae-Kaltklebstoff schnelle, effektive und dauerhafte Reparaturen besch\u00e4digter F\u00f6rderb\u00e4nder. Sie sind einfach anzubringen und erfordern weder W\u00e4rme noch komplexe Ausr\u00fcstung, wodurch Stillstandszeiten und Eingriffskosten reduziert werden und eine sofortige R\u00fcckkehr zur vollen Betriebsbereitschaft gew\u00e4hrleistet wird.","og_url":"https:\/\/www.barbierispa.com\/de\/prodotto\/reparaturflicken\/","og_site_name":"Barbieri Spa","article_modified_time":"2026-04-17T22:10:03+00:00","og_image":[{"width":1200,"height":800,"url":"https:\/\/www.barbierispa.com\/wp-content\/uploads\/2025\/03\/Pezze-di-riparazione-Barbieri.jpg","type":"image\/jpeg"}],"twitter_card":"summary_large_image","twitter_misc":{"Gesch\u00e4tzte Lesezeit":"1\u00a0Minute"},"schema":{"@context":"https:\/\/schema.org","@graph":[{"@type":"WebPage","@id":"https:\/\/www.barbierispa.com\/de\/prodotto\/reparaturflicken\/","url":"https:\/\/www.barbierispa.com\/de\/prodotto\/reparaturflicken\/","name":"REPARATURFLICKEN - Barbieri Spa","isPartOf":{"@id":"https:\/\/www.barbierispa.com\/de\/#website"},"primaryImageOfPage":{"@id":"https:\/\/www.barbierispa.com\/de\/prodotto\/reparaturflicken\/#primaryimage"},"image":{"@id":"https:\/\/www.barbierispa.com\/de\/prodotto\/reparaturflicken\/#primaryimage"},"thumbnailUrl":"https:\/\/www.barbierispa.com\/wp-content\/uploads\/2025\/03\/Pezze-di-riparazione-Barbieri.jpg","datePublished":"2025-03-31T09:17:58+00:00","dateModified":"2026-04-17T22:10:03+00:00","breadcrumb":{"@id":"https:\/\/www.barbierispa.com\/de\/prodotto\/reparaturflicken\/#breadcrumb"},"inLanguage":"de","potentialAction":[{"@type":"ReadAction","target":["https:\/\/www.barbierispa.com\/de\/prodotto\/reparaturflicken\/"]}]},{"@type":"ImageObject","inLanguage":"de","@id":"https:\/\/www.barbierispa.com\/de\/prodotto\/reparaturflicken\/#primaryimage","url":"https:\/\/www.barbierispa.com\/wp-content\/uploads\/2025\/03\/Pezze-di-riparazione-Barbieri.jpg","contentUrl":"https:\/\/www.barbierispa.com\/wp-content\/uploads\/2025\/03\/Pezze-di-riparazione-Barbieri.jpg","width":1200,"height":800},{"@type":"BreadcrumbList","@id":"https:\/\/www.barbierispa.com\/de\/prodotto\/reparaturflicken\/#breadcrumb","itemListElement":[{"@type":"ListItem","position":1,"name":"Home","item":"https:\/\/www.barbierispa.com\/de\/home\/"},{"@type":"ListItem","position":2,"name":"Prodotti","item":"https:\/\/www.barbierispa.com\/de\/prodotto\/"},{"@type":"ListItem","position":3,"name":"REPARATURFLICKEN"}]},{"@type":"WebSite","@id":"https:\/\/www.barbierispa.com\/de\/#website","url":"https:\/\/www.barbierispa.com\/de\/","name":"Barbieri Spa","description":"","publisher":{"@id":"https:\/\/www.barbierispa.com\/de\/#organization"},"potentialAction":[{"@type":"SearchAction","target":{"@type":"EntryPoint","urlTemplate":"https:\/\/www.barbierispa.com\/de\/?s={search_term_string}"},"query-input":{"@type":"PropertyValueSpecification","valueRequired":true,"valueName":"search_term_string"}}],"inLanguage":"de"},{"@type":"Organization","@id":"https:\/\/www.barbierispa.com\/de\/#organization","name":"Barbieri Spa","url":"https:\/\/www.barbierispa.com\/de\/","logo":{"@type":"ImageObject","inLanguage":"de","@id":"https:\/\/www.barbierispa.com\/de\/#\/schema\/logo\/image\/","url":"https:\/\/www.barbierispa.com\/wp-content\/uploads\/2025\/01\/barbieri-logo-2x.png","contentUrl":"https:\/\/www.barbierispa.com\/wp-content\/uploads\/2025\/01\/barbieri-logo-2x.png","width":291,"height":188,"caption":"Barbieri Spa"},"image":{"@id":"https:\/\/www.barbierispa.com\/de\/#\/schema\/logo\/image\/"}}]}},"_links":{"self":[{"href":"https:\/\/www.barbierispa.com\/de\/wp-json\/wp\/v2\/prodotto\/5998","targetHints":{"allow":["GET"]}}],"collection":[{"href":"https:\/\/www.barbierispa.com\/de\/wp-json\/wp\/v2\/prodotto"}],"about":[{"href":"https:\/\/www.barbierispa.com\/de\/wp-json\/wp\/v2\/types\/prodotto"}],"version-history":[{"count":1,"href":"https:\/\/www.barbierispa.com\/de\/wp-json\/wp\/v2\/prodotto\/5998\/revisions"}],"predecessor-version":[{"id":6000,"href":"https:\/\/www.barbierispa.com\/de\/wp-json\/wp\/v2\/prodotto\/5998\/revisions\/6000"}],"wp:featuredmedia":[{"embeddable":true,"href":"https:\/\/www.barbierispa.com\/de\/wp-json\/wp\/v2\/media\/5999"}],"wp:attachment":[{"href":"https:\/\/www.barbierispa.com\/de\/wp-json\/wp\/v2\/media?parent=5998"}],"wp:term":[{"taxonomy":"categoria-prodotto","embeddable":true,"href":"https:\/\/www.barbierispa.com\/de\/wp-json\/wp\/v2\/categoria-prodotto?post=5998"}],"curies":[{"name":"wp","href":"https:\/\/api.w.org\/{rel}","templated":true}]}}

<p>Bei <strong>Schnitten, Durchbrüchen oder Beschädigungen der Abdeckungen von Förderbändern</strong> kann schnell und zuverlässig mit <strong>Reparaturflicken</strong> eingegriffen werden, die je nach zu behandelndem Bandtyp – ob <strong>textil oder metallisch</strong> – in <strong>gewebeverstärkter und nicht gewebeverstärkter Ausführung</strong> erhältlich sind. Diese Flicken sind so konzipiert, dass sie <strong>eine hohe Haftung</strong> bieten und eine <strong>effektive und dauerhafte Reparatur</strong> gewährleisten, wodurch die Stillstandszeiten der Anlage minimiert werden. </p>

<p>Die Anwendung ist <strong>einfach und schnell</strong>, dank der <strong>speziell entwickelten Unterschicht</strong>, die die Haftung ohne komplexe Vorgänge erleichtert. In Kombination mit dem <strong>TETAKO®-Kaltklebstoff</strong>, gemischt mit Härter, haften die Flicken fest an der Bandoberfläche und gewährleisten eine <strong>widerstandsfähige und sichere Reparatur</strong>. Dieses System ermöglicht <strong>schnelle Eingriffe</strong> und erlaubt es dem Förderband, in sehr kurzer Zeit wieder betriebsbereit zu sein, ohne die Funktionalität zu beeinträchtigen.  </p>

<p>Da es sich zudem um ein <strong>Kaltsystem</strong> handelt, ist weder eine Wärmequelle noch der Einsatz von <strong>Spezialausrüstung oder hochqualifiziertem Personal</strong> erforderlich, wodurch der Eingriff <strong>wirtschaftlicher, praktischer und zugänglicher</strong> wird. Die <strong>langfristige Haltbarkeit</strong> der Reparatur reduziert die Notwendigkeit weiterer Eingriffe und gewährleistet <strong>Betriebskontinuität und Einsparungen bei den Wartungskosten</strong>. </p>

<p></p>

<p>Die gewebeverstärkten und nicht gewebeverstärkten Flicken ermöglichen in Kombination mit dem TETAKO®-Kaltklebstoff schnelle, effektive und dauerhafte Reparaturen beschädigter Förderbänder. Sie sind einfach anzubringen und erfordern weder Wärme noch komplexe Ausrüstung, wodurch Stillstandszeiten und Eingriffskosten reduziert werden und eine sofortige Rückkehr zur vollen Betriebsbereitschaft gewährleistet wird. </p>

<!-- This site is optimized with the Yoast SEO plugin v27.2 - https://yoast.com/product/yoast-seo-wordpress/ -->
<title>REPARATURFLICKEN - Barbieri Spa</title>
<meta name="robots" content="index, follow, max-snippet:-1, max-image-preview:large, max-video-preview:-1" />
<link rel="canonical" href="https://www.barbierispa.com/de/prodotto/reparaturflicken/" />
<meta property="og:locale" content="de_DE" />
<meta property="og:type" content="article" />
<meta property="og:title" content="REPARATURFLICKEN - Barbieri Spa" />
<meta property="og:description" content="Die gewebeverstärkten und nicht gewebeverstärkten Flicken ermöglichen in Kombination mit dem TETAKO®-Kaltklebstoff schnelle, effektive und dauerhafte Reparaturen beschädigter Förderbänder. Sie sind einfach anzubringen und erfordern weder Wärme noch komplexe Ausrüstung, wodurch Stillstandszeiten und Eingriffskosten reduziert werden und eine sofortige Rückkehr zur vollen Betriebsbereitschaft gewährleistet wird." />
<meta property="og:url" content="https://www.barbierispa.com/de/prodotto/reparaturflicken/" />
<meta property="og:site_name" content="Barbieri Spa" />
<meta property="article:modified_time" content="2026-04-17T22:10:03+00:00" />
<meta property="og:image" content="https://www.barbierispa.com/wp-content/uploads/2025/03/Pezze-di-riparazione-Barbieri.jpg" />
	<meta property="og:image:width" content="1200" />
	<meta property="og:image:height" content="800" />
	<meta property="og:image:type" content="image/jpeg" />
<meta name="twitter:card" content="summary_large_image" />
<meta name="twitter:label1" content="Geschätzte Lesezeit" />
	<meta name="twitter:data1" content="1 Minute" />
<script type="application/ld+json" class="yoast-schema-graph">{"@context":"https://schema.org","@graph":[{"@type":"WebPage","@id":"https://www.barbierispa.com/de/prodotto/reparaturflicken/","url":"https://www.barbierispa.com/de/prodotto/reparaturflicken/","name":"REPARATURFLICKEN - Barbieri Spa","isPartOf":{"@id":"https://www.barbierispa.com/de/#website"},"primaryImageOfPage":{"@id":"https://www.barbierispa.com/de/prodotto/reparaturflicken/#primaryimage"},"image":{"@id":"https://www.barbierispa.com/de/prodotto/reparaturflicken/#primaryimage"},"thumbnailUrl":"https://www.barbierispa.com/wp-content/uploads/2025/03/Pezze-di-riparazione-Barbieri.jpg","datePublished":"2025-03-31T09:17:58+00:00","dateModified":"2026-04-17T22:10:03+00:00","breadcrumb":{"@id":"https://www.barbierispa.com/de/prodotto/reparaturflicken/#breadcrumb"},"inLanguage":"de","potentialAction":[{"@type":"ReadAction","target":["https://www.barbierispa.com/de/prodotto/reparaturflicken/"]}]},{"@type":"ImageObject","inLanguage":"de","@id":"https://www.barbierispa.com/de/prodotto/reparaturflicken/#primaryimage","url":"https://www.barbierispa.com/wp-content/uploads/2025/03/Pezze-di-riparazione-Barbieri.jpg","contentUrl":"https://www.barbierispa.com/wp-content/uploads/2025/03/Pezze-di-riparazione-Barbieri.jpg","width":1200,"height":800},{"@type":"BreadcrumbList","@id":"https://www.barbierispa.com/de/prodotto/reparaturflicken/#breadcrumb","itemListElement":[{"@type":"ListItem","position":1,"name":"Home","item":"https://www.barbierispa.com/de/home/"},{"@type":"ListItem","position":2,"name":"Prodotti","item":"https://www.barbierispa.com/de/prodotto/"},{"@type":"ListItem","position":3,"name":"REPARATURFLICKEN"}]},{"@type":"WebSite","@id":"https://www.barbierispa.com/de/#website","url":"https://www.barbierispa.com/de/","name":"Barbieri Spa","description":"","publisher":{"@id":"https://www.barbierispa.com/de/#organization"},"potentialAction":[{"@type":"SearchAction","target":{"@type":"EntryPoint","urlTemplate":"https://www.barbierispa.com/de/?s={search_term_string}"},"query-input":{"@type":"PropertyValueSpecification","valueRequired":true,"valueName":"search_term_string"}}],"inLanguage":"de"},{"@type":"Organization","@id":"https://www.barbierispa.com/de/#organization","name":"Barbieri Spa","url":"https://www.barbierispa.com/de/","logo":{"@type":"ImageObject","inLanguage":"de","@id":"https://www.barbierispa.com/de/#/schema/logo/image/","url":"https://www.barbierispa.com/wp-content/uploads/2025/01/barbieri-logo-2x.png","contentUrl":"https://www.barbierispa.com/wp-content/uploads/2025/01/barbieri-logo-2x.png","width":291,"height":188,"caption":"Barbieri Spa"},"image":{"@id":"https://www.barbierispa.com/de/#/schema/logo/image/"}}]}</script>
<!-- / Yoast SEO plugin. -->

Die gewebeverstärkten und nicht gewebeverstärkten Flicken ermöglichen in Kombination mit dem TETAKO®-Kaltklebstoff schnelle, effektive und dauerhafte Reparaturen beschädigter Förderbänder. Sie sind einfach anzubringen und erfordern weder Wärme noch komplexe Ausrüstung, wodurch Stillstandszeiten und Eingriffskosten reduziert werden und eine sofortige Rückkehr zur vollen Betriebsbereitschaft gewährleistet wird.
